{"id":3,"date":"2008-07-20T16:19:15","date_gmt":"2008-07-20T14:19:15","guid":{"rendered":"http:\/\/bdjl.de\/schneckenhaus\/?page_id=3"},"modified":"2018-08-17T11:27:59","modified_gmt":"2018-08-17T09:27:59","slug":"konzept","status":"publish","type":"page","link":"https:\/\/bdjl.de\/schneckenhaus\/?page_id=3","title":{"rendered":"Konzept"},"content":{"rendered":"<h1>GesamtKunstWerk?<\/h1>\n<p>Ein Gesamtkunstwerk ist ein Kunstwerk. Soweit ist ja alles klar. Aber was hei\u00dft &#8220;Gesamt&#8221;?<\/p>\n<h2>Definitionsversuch<\/h2>\n<p>&#8220;Schneckenhaus&#8221; oder &#8220;Wellerhaus&#8221;? &#8211; Egal! Zwei Namen f\u00fcr ein au\u00dfergew\u00f6hnliches Projekt: Der erste Namen wurde diesem Haus von seinen vielen Besuchern verliehen und ist ein erster Versuch, die Architektur begrifflich zu fassen. &#8220;Schlumpfhaus&#8221; oder &#8220;Hexenhaus&#8221; sind hier die Synonyme. &#8220;Wellerhaus&#8221; steht f\u00fcr die Erbauer und deren Leistung, ihre Vorstellungen vom Wohnen mit den Vorstellungen des Architekten (Dieter Schmid) und des K\u00fcnstlers (Martin Heilig) zu einem umfassenden Ganzen zu formen. Eben zu einem Gesamtkunstwerk, bei dem sich im nachhinein kaum noch auseinanderdividieren l\u00e4\u00dft, von wem nun welche Idee stammte.<\/p>\n<p>Alles in diesem Haus ist aufeinander bezogen! Jedes Detail findet sich wieder &#8211; ver\u00e4ndert, zitiert, ausgelassen, kopiert &#8230;<\/p>\n<p>Da\u00df nichts weggelassen werden kann, ohne etwas v\u00f6llig anderes zu schaffen! Da\u00df alles sich auf alles bezieht! Da\u00df Architektur, Kunst und menschliche Wohnbed\u00fcrfnisse eine Synthese eingegangen sind!<\/p>\n<h2>Erl\u00e4uterung<\/h2>\n<p>Das Wellerhaus lebt von seiner Dynamik: Es besteht aus zwei gegeneinander verschobenen, um eine Mittels\u00e4ule gedrehten und ansteigenden Halbkreisen, deren Elemente in ihrer Grundform Dreiecken entsprechen. Diese Dynamik und Ver\u00e4nderung findet sich auch in der Bemalung und Ausgestaltung der Innenr\u00e4ume wieder.<\/p>\n<p><a href=\"http:\/\/bdjl.de\/schneckenhaus\/wp-content\/uploads\/sites\/3\/2008\/07\/ml1.jpg\"><img loading=\"lazy\" decoding=\"async\" class=\"alignnone size-full wp-image-13\" title=\"ml1\" alt=\"ml1\" src=\"http:\/\/bdjl.de\/schneckenhaus\/wp-content\/uploads\/sites\/3\/2008\/07\/ml1.jpg\" width=\"500\" height=\"332\" \/><\/a><\/p>\n<p>Die Kunst Martin Heiligs greift diese Ver\u00e4nderungen auf, indem sie sich in ihrer Bildaussage selbst, je nach Standpunkt des Betrachters, ver\u00e4ndert. Ideal l\u00e4\u00dft sich dies an einem Detail aus der Gestaltung der Mittels\u00e4ule zeigen. Hinter dem Durchbruch durch die Mittels\u00e4ule ist die Bemalung der dahinter liegenden Wand zu sehen.<\/p>\n<p><a href=\"http:\/\/bdjl.de\/schneckenhaus\/wp-content\/uploads\/sites\/3\/2008\/07\/ml2.jpg\"><img loading=\"lazy\" decoding=\"async\" class=\"alignnone size-full wp-image-14\" title=\"ml2\" alt=\"ml2\" src=\"http:\/\/bdjl.de\/schneckenhaus\/wp-content\/uploads\/sites\/3\/2008\/07\/ml2.jpg\" width=\"500\" height=\"331\" \/><\/a><\/p>\n<p>Nun zum Vergleich das gleiche Bild aus einer anderen Perspektive, die einem Standpunkt des Betrachters an der Terrassent\u00fcr entspricht:<\/p>\n<p>Haben Sie es gesehen? Die j\u00fcngere der beiden Frauen schaut ihnen immer noch ins Gesicht, die \u00e4ltere der Beiden ist nicht mehr Teil des Bildes &#8211; je nach Standpunkt des Betrachters ist die Bildaussage also eine andere.<\/p>\n<p><a href=\"http:\/\/bdjl.de\/schneckenhaus\/wp-content\/uploads\/sites\/3\/2008\/07\/ml3.jpg\"><img loading=\"lazy\" decoding=\"async\" class=\"alignnone size-full wp-image-15\" title=\"ml3\" alt=\"ml3\" src=\"http:\/\/bdjl.de\/schneckenhaus\/wp-content\/uploads\/sites\/3\/2008\/07\/ml3.jpg\" width=\"452\" height=\"691\" \/><\/a><\/p>\n<p>Das Bild greift aber nicht nur optisch in den Raum hinein und nach dem Betrachter. Zum Charakter eines Gesamtkunstwerkes geh\u00f6rt ja gerade, da\u00df sich alle Teile aufeinander beziehen -, da\u00df eben nicht nur ein Bild an der Wand h\u00e4ngt &#8211; und daneben ein anderes, sondern da\u00df beide zusammen betrachtet werden m\u00fcssen. Hier l\u00e4\u00dft sich dies gut daran zeigen, da\u00df die Faust der Frau des zentralen Bildes auf ihre Umgebung, z.B. das Gel\u00e4nder, einwirkt &#8211; also auch k\u00f6rperlich in den Raum hinein greift.<\/p>\n<p>Das Treppengel\u00e4nder wird unter der Wucht der Faust verbogen, verformt sich, ist somit nicht mehr st\u00f6rend vor dem Bild, sondern Teil des Bildes, und damit im Bild!<\/p>\n<h2>Wie das funktioniert?<\/h2>\n<p>Das Bild ist auf einen gew\u00f6lbten Untergrund gemalt. Die Bildausschnitte werden in erster Linie durch die Gr\u00f6\u00dfe und Lage der Wanddurchbr\u00fcche der Mittels\u00e4ule bestimmt. Eine Kunst, der der K\u00fcnstler Martin Heilig den Namen ANA-Kunst gegeben hat.<\/p>\n<h1>SchneckenHaus, FertigHaus, BauHaus?<\/h1>\n<p><a href=\"http:\/\/bdjl.de\/schneckenhaus\/wp-content\/uploads\/sites\/3\/2008\/07\/plan_og.gif\"><img loading=\"lazy\" decoding=\"async\" class=\"alignnone size-full wp-image-17\" title=\"plan_og\" alt=\"plan_og\" src=\"http:\/\/bdjl.de\/schneckenhaus\/wp-content\/uploads\/sites\/3\/2008\/07\/plan_og.gif\" width=\"400\" height=\"390\" \/><\/a><\/p>\n<h2>[1] Schneckenhaus:<\/h2>\n<p>Die Grundstruktur des Hauses sind zwei um eine Mittels\u00e4ule verschobene Halbkreise. Die Halbkreise bestehen aus f\u00fcnf (Hinten) bzw. sechs (Vorne) Elementen, die sich in ihrem Neigunswinkel so unterscheiden, da\u00df eine Spiralform entsteht &#8211; also eine &#8220;Schnecke&#8221;.<\/p>\n<h2>[2] Fertighaus:<\/h2>\n<p>Jedes der Elemente hat die Form eines Dreiecks. Die Spitzen der Dreiecke laufen in der Mittels\u00e4ule zusammen. Ihre Form ist identisch &#8211; und die Dachelemente wurden seriell gefertigt. Wie bei jedem Fertighaus auch!<\/p>\n<h2>[3] Bauhaus:<\/h2>\n<p>Die Ma\u00dfe der Dreiecke entsprechen Corbusiers Modulorma\u00dfen.<\/p>\n<p>Und nochmal ganz langsam &#8230;<\/p>\n<p>Zum besseren Verst\u00e4ndnis haben wir den vorderen Halbkreis aus sechs Elementen f\u00fcr Sie einmal &#8220;aufgeklappt&#8221;:<\/p>\n<p><a href=\"http:\/\/bdjl.de\/schneckenhaus\/wp-content\/uploads\/sites\/3\/2008\/07\/plan_v.gif\"><img loading=\"lazy\" decoding=\"async\" class=\"alignnone size-full wp-image-19\" title=\"plan_v\" alt=\"plan_v\" src=\"http:\/\/bdjl.de\/schneckenhaus\/wp-content\/uploads\/sites\/3\/2008\/07\/plan_v.gif\" width=\"400\" height=\"198\" \/><\/a><\/p>\n<p>Sie sehen die Grundstruktur aus Dreiecken? Nun, diese sind zwar in ihren Ma\u00dfen identisch, allerdings unterscheiden sie sich in ihrem Neigungswinkel: Dieser nimmt auf der Vorderseite von rechts nach links zu. Daher die Spiralform, die dem Haus den Namen &#8220;Schneckenhaus&#8221; eintrug.<\/p>\n<p>Drucken Sie dieses Bild und schneiden sie den Plan an den schwarzen Linien aus. Kleben sie den vorderen Halbkreis zusammen: Immer die schr\u00e4ge Seite der Dreiecke an die daneben liegende senkrechte Seite. Sie erhalten: Eine halbe Spirale!<\/p>\n<p>Verzweifeln Sie nicht! Die Bauarbeiter haben auch erst verstanden, was sie tun, als alles fertig war. Als kleiner Hinweis hier nun ein Bild von der Montage des Daches:<\/p>\n<p><a href=\"http:\/\/bdjl.de\/schneckenhaus\/wp-content\/uploads\/sites\/3\/2008\/07\/dach_m.jpg\"><img loading=\"lazy\" decoding=\"async\" class=\"alignnone size-full wp-image-8\" title=\"dach_m\" alt=\"dach_m\" src=\"http:\/\/bdjl.de\/schneckenhaus\/wp-content\/uploads\/sites\/3\/2008\/07\/dach_m.jpg\" width=\"400\" height=\"262\" \/><\/a><\/p>\n<p>Drei Elemente des Daches des vorderen Halbkreises sind schon montiert. Ein Arbeiter verschwei\u00dft gerade Element 3, das noch an Kranseilen h\u00e4ngt, mit Element 2. Die fehlenden drei Elemente des Daches der Vorderseite lassen den Blick in das Wohnzimmer frei.<\/p>\n<p>Sie sehen auch, da\u00df die Spitzen der dreieckigen &#8220;Dachplatten&#8221; auf der Mittels\u00e4ule aufliegen und von rechts nach links in ihrer Neigung zunehmen.<\/p>\n<p>Richtig zusammengef\u00fcgt ergibt sich demnach folgende Aufsicht, wobei in der Mittels\u00e4ule selbst &#8211; die auf dieser Ebene wie ein Turm \u00fcber das sich um sie drehende Dach steht &#8211; noch ein Arbeitszimmer Platz gefunden hat.<\/p>\n<p><a href=\"http:\/\/bdjl.de\/schneckenhaus\/wp-content\/uploads\/sites\/3\/2008\/07\/plan_t.gif\"><img loading=\"lazy\" decoding=\"async\" class=\"alignnone size-full wp-image-18\" title=\"plan_t\" alt=\"plan_t\" src=\"http:\/\/bdjl.de\/schneckenhaus\/wp-content\/uploads\/sites\/3\/2008\/07\/plan_t.gif\" width=\"400\" height=\"414\" \/><\/a><\/p>\n<p>Sie sehen: Die Mittels\u00e4ule ist nicht nur St\u00fctze f\u00fcr die &#8220;Dachplatten&#8221;, sondern auch ein Turm mit Zimmern. Ganz oben ein Arbeitszimmer, darunter (siehe Plan vom EG ganz oben) die K\u00fcche und eine Toilette, und im Keller der Kaminraum!<\/p>\n<p><a href=\"http:\/\/bdjl.de\/schneckenhaus\/wp-content\/uploads\/sites\/3\/2008\/07\/plan_eg.gif\"><img loading=\"lazy\" decoding=\"async\" class=\"alignnone size-full wp-image-16\" title=\"plan_eg\" alt=\"plan_eg\" src=\"http:\/\/bdjl.de\/schneckenhaus\/wp-content\/uploads\/sites\/3\/2008\/07\/plan_eg.gif\" width=\"400\" height=\"456\" \/><\/a><\/p>\n<p>Da das Wellerhaus auf einem Hanggrundst\u00fcck liegt, liegt im Erdgescho\u00df nur der vordere Halbkreis \u00fcber der Erde. Der hintere Halbkreis bietet Platz f\u00fcr Keller und Funktionsr\u00e4ume.<\/p>\n","protected":false},"excerpt":{"rendered":"<p>GesamtKunstWerk? Ein Gesamtkunstwerk ist ein Kunstwerk. Soweit ist ja alles klar. Aber was hei\u00dft &#8220;Gesamt&#8221;? Definitionsversuch &#8220;Schneckenhaus&#8221; oder &#8220;Wellerhaus&#8221;? &#8211; Egal! Zwei Namen f\u00fcr ein au\u00dfergew\u00f6hnliches Projekt: Der erste Namen wurde diesem Haus von seinen vielen Besuchern verliehen und ist &hellip; <a href=\"https:\/\/bdjl.de\/schneckenhaus\/?page_id=3\">Continue reading <span class=\"meta-nav\">&rarr;<\/span><\/a><\/p>\n","protected":false},"author":1,"featured_media":0,"parent":0,"menu_order":2,"comment_status":"closed","ping_status":"closed","template":"","meta":{"footnotes":""},"class_list":["post-3","page","type-page","status-publish","hentry"],"_links":{"self":[{"href":"https:\/\/bdjl.de\/schneckenhaus\/index.php?rest_route=\/wp\/v2\/pages\/3","targetHints":{"allow":["GET"]}}],"collection":[{"href":"https:\/\/bdjl.de\/schneckenhaus\/index.php?rest_route=\/wp\/v2\/pages"}],"about":[{"href":"https:\/\/bdjl.de\/schneckenhaus\/index.php?rest_route=\/wp\/v2\/types\/page"}],"author":[{"embeddable":true,"href":"https:\/\/bdjl.de\/schneckenhaus\/index.php?rest_route=\/wp\/v2\/users\/1"}],"replies":[{"embeddable":true,"href":"https:\/\/bdjl.de\/schneckenhaus\/index.php?rest_route=%2Fwp%2Fv2%2Fcomments&post=3"}],"version-history":[{"count":1,"href":"https:\/\/bdjl.de\/schneckenhaus\/index.php?rest_route=\/wp\/v2\/pages\/3\/revisions"}],"predecessor-version":[{"id":372,"href":"https:\/\/bdjl.de\/schneckenhaus\/index.php?rest_route=\/wp\/v2\/pages\/3\/revisions\/372"}],"wp:attachment":[{"href":"https:\/\/bdjl.de\/schneckenhaus\/index.php?rest_route=%2Fwp%2Fv2%2Fmedia&parent=3"}],"curies":[{"name":"wp","href":"https:\/\/api.w.org\/{rel}","templated":true}]}}